*h - t = -2*v - 3*v, 2*v - 736 = -5*h. Let p = h - 81. Calculate the greatest common divisor of 26 and p.
13
Let m = 19 + 7. Suppose 0 = -5*o - y + 79, -o = o - y - m. Calculate the greatest common factor of 45 and o.
15
Suppose 62 = 3*d + 20. Calculate the highest common factor of d and 2.
2
Suppose 3*a - 246 = -3*q - 30, 5*a - q = 378. Calculate the greatest common divisor of 30 and a.
15
Suppose 3*c = q - 22, 3*q + q + 2*c = 32. Let y be (-28)/(-3)*15/q. Calculate the highest common divisor of 14 and y.
14
Suppose -2*h + 0*h + 132 = 0. Suppose -9 = -4*l + 15. Calculate the greatest common factor of h and l.
6
Let l = 161 + -96. Calculate the highest common factor of l and 13.
13
Suppose -2*l + y = -61, -107 - 41 = -5*l + 4*y. What is the greatest common divisor of 8 and l?
8
Let j = 80 + -70. Let t be 35/(-2)*8/(-10). Suppose -26 - t = -4*h. What is the highest common divisor of j and h?
10
Suppose -72 = -j + u, 4*j = -u + 180 + 88. Suppose 4*z + 85 = 5*c, 0 = 4*c - z + 2*z - j. Calculate the greatest common factor of c and 17.
17
Suppose -3*t + 43 = t - 3*h, -t + 12 = -h. What is the highest common divisor of 7 and t?
7
Let c(x) = 89*x**2 - x. Let w be c(-1). Let g = -4 + 4. Let o(y) = y**2 + y + 10. Let u be o(g). What is the greatest common divisor of w and u?
10
Suppose 3*n = -n + 12. Let a be (-329)/(-7) + n/(-1). Calculate the greatest common divisor of a and 66.
22
Let k(d) = d**3 + 9*d**2 - 3*d - 26. Let g be k(-9). Calculate the greatest common factor of 5 and g.
1
Let j be (-4)/(-10) + 8/5. Suppose -j*k - 5 = 1. Let o = 6 + k. What is the greatest common divisor of o and 9?
3
Let j = 1 - -2. Let z be (-2 - 0)*j/(-2). Let s = 299 - 290. Calculate the highest common factor of z and s.
3
Let x = 0 + 5. Let p(h) = h**3 - 3*h**2 - 5*h - 7. Let n be p(x). What is the highest common divisor of 162 and n?
18
Let m be -4 + 5 + 32/2. Let g = m - 10. Let h = g + 7. Calculate the highest common divisor of h and 28.
14
Let f(b) = b - 1. Let g be f(13). Calculate the greatest common factor of 36 and g.
12
Suppose 0*g + 5*a = g - 26, -g + 3*a = -18. Suppose 2*l - g = 2. What is the greatest common factor of l and 16?
4
Suppose 3*i = -w + 3 + 10, 2*w = -3*i + 8. Let l be (i/10)/((-3)/(-15)). Suppose -c + 4 = k - 1, l*c - 5 = -k. Calculate the greatest common factor of k and 1.
1
Suppose 6*f - 234 = 3*f. Calculate the greatest common factor of 52 and f.
26
Let a = 3 + -15. Let y be (a/10)/((-6)/20). Calculate the greatest common divisor of 16 and y.
4
Let q(d) = -d**3 + 4*d**2 + 3. Let t be q(4). Suppose t*r - r = 22. Let a = -1 - -2. Calculate the highest common factor of a and r.
1
Let t = -61 + 83. What is the greatest common divisor of t and 22?
22
Let p be 8/(-12)*(-15)/2. Suppose -k = -p*k - 12. Let u = k - -19. What is the highest common factor of u and 112?
16
Suppose -y = 4*y - 780. Suppose -5*m = -2*m - y. Let s(i) = -i**3 - 5*i**2 + 6*i + 13. Let n be s(-6). What is the highest common divisor of m and n?
13
Suppose 6*a = 2*q + 3*a - 31, 4*a = 5*q - 74. What is the greatest common factor of 154 and q?
14
Let g(b) = b + 22. Let z be g(-10). Calculate the highest common factor of 2 and z.
2
Let g(t) = 19*t**2 - 5*t + 6. Let j(x) = 18*x**2 - 6*x + 7. Let o(w) = 7*g(w) - 6*j(w). Let m be o(-1). Calculate the highest common factor of m and 6.
6
Let f(n) = n**3 + 2*n**2 - 5*n + 3. Let c be f(4). Suppose 96 = 5*g - c. Let r be 114/8 + 3/(-12). What is the greatest common factor of r and g?
7
Let l be 6/(-21) + 382/14. What is the greatest common divisor of 81 and l?
27
Let p(v) = -v + 2. Let t be p(-2). Suppose 3*k = -t*x + 463, 8 + 143 = k - 2*x. Suppose 5*s = 67 + 18. What is the highest common factor of s and k?
17
Suppose 3*o + 2*v = 18, -o + 2*o - 3*v = -5. Calculate the highest common factor of 10 and o.
2
Suppose 3*j - 2*j = 13. What is the greatest common divisor of 91 and j?
13
Let g be 2 + -2 + 0 + 6. Suppose 0 = m - g*m - 5, -5*p - 2*m + 3 = 0. Suppose -4*k - 6 = -6*k. Calculate the greatest common factor of p and k.
1
Let l be (-4 - -1)*(-1750)/30. What is the greatest common divisor of l and 25?
25
Suppose 4*n - 16 = -d + 11, 0 = 4*n - 2*d - 42. Calculate the greatest common divisor of n and 8.
8
Let a = 23 + -32. Let f be (58/1)/((-6)/a). Suppose -2*n = 0, -21 - f = -2*q - 5*n. What is the highest common divisor of 6 and q?
6
Suppose 3*r - 2*a = -3, -3*r = -0*a - 4*a + 9. Calculate the greatest common factor of r and 7.
1
Let l be 4*(-33)/6 + 1. Let y be l*(3/(-9) + 0). Let s = 143 + -94. Calculate the greatest common divisor of y and s.
7
Suppose -7 = -l + 3*u + 9, 0 = l - 4*u - 20. Calculate the greatest common divisor of 28 and l.
4
Let r be 4/12 + (-62)/6. Let i = -9 - r. Calculate the highest common factor of 4 and i.
1
Let o = -211 - -213. What is the greatest common factor of o and 19?
1
Let a = -65 + 69. What is the greatest common divisor of 1 and a?
1
Let f be -2 + 8 + 0 + 1. Let d(v) = v + 5. Let b be d(-3). Suppose w - 231 = -b*w. What is the highest common factor of f and w?
7
Let u(g) = 3*g**2 + 2. Let f be u(2). Suppose 4*w = 8*w - 28. Calculate the greatest common divisor of f and w.
7
Let c = -221 + 312. Let m = 127 - c. What is the greatest common factor of 18 and m?
18
Suppose u - 18 = -u. Let o = 17 - u. Calculate the greatest common factor of 2 and o.
2
Let z = 18 + -11. Let c(d) = d + 4. Let r be (-9)/2*2/3. Let n be c(r). Calculate the greatest common factor of z and n.
1
Suppose -137 - 94 = -3*c. What is the greatest common factor of c and 11?
11
Suppose -4 = -69*g + 68*g. Let w = -5 - -9. Calculate the greatest common divisor of g and w.
4
Let m = -19 + 11. Let q = m - -17. Let i(w) = w**3 - 10*w**2 + 10*w + 7. Let f be i(q). Calculate the greatest common divisor of f and 16.
16
Suppose -4*s + 5 + 59 = 0. Calculate the highest common divisor of 40 and s.
8
Let w = -406 + 591. What is the highest common divisor of 74 and w?
37
Let z be (1*-1)/(1/(-9)). Suppose 7*a - 2*a = 10. Suppose -46 + 190 = a*t. What is the highest common divisor of z and t?
9
Let d(o) = -o**3 + 6*o**2 - o. Let s be d(4). What is the highest common factor of 28 and s?
28
Let v be 1*3 + -9 + 16. Let p = v + -6. Calculate the highest common divisor of p and 4.
4
Suppose 0 = 5*v + o - 45, 3*o - 39 = -4*v + v. What is the greatest common factor of v and 52?
4
Let z be 6/(-10) - (-38)/5. Suppose m - 4 = 0, -2*m = 2*k - z - 11. What is the greatest common divisor of k and 5?
5
Suppose 3*c + 3 = -0. Let q = 14 - c. What is the highest common divisor of 10 and q?
5
Suppose 0 = 4*y + y + 25. Let i = -1 - y. Suppose 0*v = -4*z - 2*v + 176, i*v = -5*z + 226. Calculate the greatest common divisor of 14 and z.
14
Let w be 24*(1/3 - 0). Calculate the highest common factor of w and 40.
8
Suppose 4*i = 5*d + 119, 152 + 2 = 4*i + 2*d. Calculate the greatest common divisor of 24 and i.
12
Suppose 127*h - 124*h = 126. Calculate the greatest common divisor of h and 63.
21
Suppose 3*a + d = 2*a + 52, 0 = 5*a + 2*d - 248. What is the greatest common divisor of a and 16?
16
Suppose 5*x + 2 = -3*i + 4, 0 = -2*i - 2*x + 4. What is the greatest common factor of i and 10?
2
Let z = -8 + 21. Suppose -96 - 255 = -3*m. Calculate the highest common divisor of z and m.
13
Let m = 12 - 4. Suppose m*u = 3*u + 40. Suppose u = 5*p - 12. What is the greatest common divisor of p and 36?
4
Let a(k) = -k**3 + 4*k**2 + 3*k + 4. Let j be a(4). Let t be (-4)/(-6) - (-10)/3. Suppose -t*x = -2*x - 96. Calculate the greatest common divisor of x and j.
16
Suppose -2*o + 60 = 3*o. What is the greatest common divisor of 132 and o?
12
Suppose -i + k = -7, 0*k = 3*i - 5*k - 31. What is the greatest common divisor of 1 and i?
1
Let p(r) = -r + 31. Let c be p(6). What is the highest common factor of c and 50?
25
Let f = -86 - -96. Calculate the highest common divisor of f and 2.
2
Let q be ((-20)/(-5))/(2/32). Calculate the greatest common divisor of q and 8.
8
Let j be 0 + 4 + (2 - (-2 - -2)). Calculate the greatest common factor of 22 and j.
2
Suppose 3*m = 559 + 233. What is the greatest common divisor of 33 and m?
33
Suppose -9*o + 47 + 7 = 0. Calculate the highest common divisor of o and 54.
6
Let n(j) = j**3 + 5*j**2 + 4*j + 2. Let w be n(-4). Suppose k = w*k - 2*p - 3, 3*k = 